is the ten thousands digit of 62375?
6
What is the tens digit of 626?
2
What is the hundreds digit of 455?
4
What is the units digit of 1?
1
What is the tens digit of 9714?
1
What is the tens digit of 708?
0
What is the hundreds digit of 934?
9
What is the thousands digit of 78459?
8
What is the tens digit of 900?
0
What is the hundreds digit of 2489?
4
What is the hundreds digit of 27837?
8
What is the units digit of 29649?
9
What is the tens digit of 1341?
4
What is the thousands digit of 46858?
6
What is the tens digit of 30481?
8
What is the hundreds digit of 621?
6
What is the hundreds digit of 8078?
0
What is the hundreds digit of 2047?
0
What is the units digit of 727?
7
What is the hundreds digit of 1080?
0
What is the units digit of 114?
4
What is the tens digit of 131?
3
What is the thousands digit of 36296?
6
What is the thousands digit of 46175?
6
What is the tens digit of 3545?
4
What is the tens digit of 1277?
7
What is the tens digit of 68?
6
What is the hundreds digit of 6529?
5
What is the units digit of 4397?
7
What is the hundreds digit of 45816?
8
What is the units digit of 1467?
7
What is the units digit of 663?
3
What is the units digit of 15164?
4
What is the units digit of 28287?
7
What is the tens digit of 11022?
2
What is the tens digit of 4065?
6
What is the units digit of 10350?
0
What is the units digit of 1196?
6
What is the units digit of 475?
5
What is the ten thousands digit of 17219?
1
What is the thousands digit of 1763?
1
What is the units digit of 59120?
0
What is the units digit of 1733?
3
What is the hundreds digit of 24084?
0
What is the units digit of 340?
0
What is the hundreds digit of 7440?
4
What is the ten thousands digit of 63788?
6
What is the hundreds digit of 3732?
7
What is the thousands digit of 8350?
8
What is the units digit of 717?
7
What is the units digit of 1779?
9
What is the units digit of 552?
2
What is the thousands digit of 48391?
8
What is the hundreds digit of 13305?
3
What is the hundreds digit of 560?
5
What is the tens digit of 24595?
9
What is the tens digit of 9020?
2
What is the units digit of 23689?
9
What is the units digit of 4544?
4
What is the units digit of 5402?
2
What is the hundred thousands digit of 151428?
1
What is the thousands digit of 9921?
9
What is the tens digit of 545?
4
What is the tens digit of 13588?
8
What is the thousands digit of 36666?
6
What is the tens digit of 300?
0
What is the ten thousands digit of 16504?
1
What is the thousands digit of 1240?
1
What is the units digit of 50334?
4
What is the thousands digit of 6786?
6
What is the thousands digit of 13225?
3
What is the hundreds digit of 1727?
7
What is the units digit of 24828?
8
What is the units digit of 2412?
2
What is the hundreds digit of 4091?
0
What is the tens digit of 736?
3
What is the units digit of 6719?
9
What is the thousands digit of 4464?
4
What is the hundreds digit of 12411?
4
What is the units digit of 2762?
2
What is the units digit of 3338?
8
What is the units digit of 146214?
4
What is the thousands digit of 8281?
8
What is the ten thousands digit of 43080?
4
What is the hundreds digit of 189?
1
What is the units digit of 5662?
2
What is the ten thousands digit of 149613?
4
What is the thousands digit of 23965?
3
What is the units digit of 777?
7
What is the hundreds digit of 8337?
3
What is the tens digit of 47091?
9
What is the tens digit of 2191?
9
What is the units digit of 8239?
9
What is the hundreds digit of 3453?
4
What is the units digit of 2217?
7
What is the tens digit of 1177?
7
What is the tens digit of 2019?
1
What is the units digit of 255?
5
What is the units digit of 36634?
4
What is the tens digit of 3946?
4
What is the hundreds digit of 41059?
0
What is the hundreds digit of 3886?
8
What is the units digit of 40512?
2
What is the hundreds digit of 2171?
1
What is the hundreds digit of 6383?
3
What is the hundreds digit of 6121?
1
What is the thousands digit of 2262?
2
What is the hundreds digit of 26380?
3
What is the units digit of 1481?
1
What is the ten thousands digit of 97321?
9
What is the units digit of 9530?
0
What is the tens digit of 8475?
7
What is the tens digit of 2585?
8
What is the thousands digit of 1165?
1
What is the units digit of 4847?
7
What is the hundreds digit of 3745?
7
What is the ten thousands digit of 14871?
1
What is the units digit of 2540?
0
What is the units digit of 1011?
1
What is the units digit of 8324?
4
What is the tens digit of 663?
6
What is the ten thousands digit of 35115?
3
What is the units digit of 996?
6
What is the hundreds digit of 7521?
5
What is the units digit of 4286?
6
What is the tens digit of 1653?
5
What is the tens digit of 15181?
8
What is the tens digit of 115?
1
What is the ten thousands digit of 47017?
4
What is the tens digit of 2814?
1
What is the tens digit of 5721?
2
What is the tens digit of 519?
1
What is the units digit of 248?
8
What is the tens digit of 1533?
3
What is the units digit of 89896?
6
What is the units digit of 8425?
5
What is the units digit of 4610?
0
What is the ten thousands digit of 28916?
2
What is the thousands digit of 4909?
4
What is the thousands digit of 9443?
9
What is the tens digit of 990?
9
What is the thousands digit of 2836?
2
What is the tens digit of 22263?
6
What is the thousands digit of 1144?
1
What is the thousands digit of 51195?
1
What is the tens digit of 175?
7
What is the thousands digit of 5206?
5
What is the units digit of 67953?
3
What is the ten thousands digit of 21709?
2
What is the thousands digit of 29166?
9
What is the thousands digit of 4197?
4
What is the hundreds digit of 13927?
9
What is the units digit of 26831?
1
What is the ten thousands digit of 31401?
3
What is the hundreds digit of 3458?
4
What is the tens digit of 73434?
3
What is the units digit of 50?
0
What is the tens digit of 777?
7
What is the hundred thousands digit of 112781?
1
What is the hundreds digit of 2803?
8
What is the ten thousands digit of 33922?
3
What is the tens digit of 33297?
9
What is the units digit of 69944?
4
What is the tens digit of 84?
8
What is the units digit of 448?
8
What is the units digit of 2852?
2
What is the units digit of 4220?
0
What is the units digit of 3688?
8
What is the thousands digit of 54215?
4
What is the thousands digit of 16773?
6
What is the thousands digit of 1075?
1
What is the hundreds digit of 659?
6
What is the hundreds digit of 1703?
7
What is the tens digit of 770?
7
What is the ten thousands digit of 24765?
2
What is the hundreds digit of 521?
5
What is the hundreds digit of 16917?
9
What is the hundreds digit of 1006?
0
What is the units digit of 34801?
1
What is the units digit of 6568?
8
What is the thousands digit of 2130?
2
What is the tens digit of 2643?
4
What is the tens digit of 3379?
7
What is the hundreds digit of 631?
6
What is the tens digit of 922?
2
What is the tens digit of 1084?
8
What is the ten thousands digit of 28417?
2
What is the units digit of 14183?
3
What is the hundreds digit of 1178?
1
What is the hundreds digit of 975?
9
What is the tens digit of 14431?
3
What is the tens digit of 10558?
5
What is the hundreds digit of 16225?
2
What is the tens digit of 1970?
7
What is the units digit of 1528?
8
What is the units digit of 8803?
3
What is the hundreds digit of 816?
8
What is the units digit of 2461?
1
What is the units digit of 5624?
4
What is the hundreds digit of 775?
7
What is the tens digit of 6209?
0
What is the units digit of 7965?
5
What is the hundreds digit of 39931?
9
What is the units digit of 4550?
0
What is the thousands digit of 49362?
9
What is the hundreds digit of 2329?
3
What is the ten thousands digit of 20165?
2
What is the thousands digit of 24196?
4
What is the units digit of 25501?
1
What is the units digit of 4160?
0
What is the thousands digit of 5875?
5
What is the ten thousands digit of 20618?
2
What is the hundreds digit of 3826?
8
What is the ten thousands digit of 35461?
3
What is the hundreds digit of 1684?
6
What is the units digit of 1299?
9
What is the tens digit of 578?
7
What is the ten thousands digit of 25166?
2
What is the thousands digit of 95344?
5
What is the thousands digit of 9661?
9
What is the hundreds digit of 106?
1
What is the tens d